 prime?
False
Is 3925327 a prime number?
False
Is 208468009 prime?
True
Is 19967173 prime?
True
Is 49749347 a prime number?
True
Is 75559231 composite?
True
Is 4748141 a composite number?
True
Is 261167 a composite number?
False
Is 27409519 a composite number?
False
Is 13836343 a prime number?
True
Is 5632051 composite?
True
Is 1996961 a composite number?
True
Is 323714401 a prime number?
True
Is 59079191 a composite number?
False
Is 222195793 a composite number?
False
Is 18637109 a prime number?
True
Is 54265789 a composite number?
False
Is 1354714 a composite number?
True
Is 21645133 prime?
True
Is 7406807 composite?
False
Is 20278673 a prime number?
True
Is 248828357 composite?
True
Is 27281491 prime?
True
Is 23876999 composite?
False
Is 1096609 a prime number?
True
Is 71490838 a prime number?
False
Is 6239503 prime?
False
Is 865069 a prime number?
True
Is 19031989 composite?
True
Is 14565431 prime?
True
Is 2676293 a composite number?
True
Is 1975115 prime?
False
Is 440281 prime?
True
Is 38189285 a composite number?
True
Is 52397593 a prime number?
False
Is 1308781 a prime number?
False
Is 23509481 composite?
False
Is 32184203 composite?
False
Is 59282305 composite?
True
Is 15444001 prime?
True
Is 582559 prime?
False
Is 23441641 a prime number?
True
Is 136906439 a prime number?
True
Is 3455047 composite?
True
Is 25212997 prime?
True
Is 10767343 composite?
True
Is 20793659 composite?
False
Is 14334701 composite?
False
Is 257508491 prime?
True
Is 9965201 a composite number?
True
Is 588509773 composite?
True
Is 3061231 composite?
True
Is 5300231 composite?
True
Is 117156271 composite?
True
Is 4162063 a composite number?
False
Is 240857101 a prime number?
True
Is 6832921 a composite number?
False
Is 26032469 a prime number?
False
Is 1483449527 prime?
False
Is 42992347 composite?
True
Is 4011467 composite?
False
Is 58608337 a composite number?
False
Is 19905071 prime?
False
Is 5282807 a prime number?
False
Is 100983059 a composite number?
False
Is 1016467 a prime number?
False
Is 56855833 a composite number?
False
Is 7643473 composite?
False
Is 4496299 composite?
False
Is 770153911 prime?
True
Is 39547 a composite number?
True
Is 463397195 a composite number?
True
Is 384171509 composite?
True
Is 1041522071 prime?
True
Is 212842622 a composite number?
True
Is 786143 composite?
True
Is 19712587 a composite number?
True
Is 136465727 composite?
True
Is 77527003 prime?
False
Is 2534593 prime?
True
Is 11593859 composite?
True
Is 95138779 prime?
True
Is 6854455 composite?
True
Is 250137343 a composite number?
False
Is 10826869 composite?
True
Is 22185418 prime?
False
Is 321840581 a prime number?
True
Is 47576597 a composite number?
True
Is 27263491 composite?
False
Is 17261185 a prime number?
False
Is 173340445 a composite number?
True
Is 1427051 a composite number?
True
Is 72859 a prime number?
True
Is 72491047 a composite number?
False
Is 2894387 prime?
True
Is 5649487 prime?
True
Is 144582817 a composite number?
False
Is 34096607 composite?
False
Is 3470003 a prime number?
True
Is 4792783 a prime number?
True
Is 7350353 composite?
False
Is 10967117 a composite number?
True
Is 313471 composite?
False
Is 10290289 a composite number?
True
Is 22625119 a composite number?
True
Is 1390299 composite?
True
Is 14677727 composite?
True
Is 15264649 a composite number?
True
Is 19715723 prime?
True
Is 2669567 a prime number?
False
Is 54790849 a composite number?
True
Is 8243681 prime?
True
Is 2869693 a prime number?
True
Is 141773699 a composite number?
True
Is 25801759 prime?
False
Is 1900693 composite?
True
Is 18855007 a prime number?
False
Is 7709231 a prime number?
False
Is 1232351 a prime number?
True
Is 9675957 a composite number?
True
Is 45614861 a composite number?
True
Is 475090514 composite?
True
Is 22578086 a composite number?
True
Is 43338662 a composite number?
True
Is 1791371 composite?
False
Is 479857429 prime?
True
Is 12000731 a prime number?
True
Is 1410527 prime?
True
Is 11137501 a composite number?
False
Is 4879885 prime?
False
Is 6114106 a composite number?
True
Is 1848193 a prime number?
True
Is 3288965 prime?
False
Is 38307121 composite?
True
Is 102210673 composite?
False
Is 42459779 a composite number?
False
Is 31129781 a composite number?
True
Is 29839907 composite?
True
Is 4177051 composite?
False
Is 30085049 prime?
True
Is 3221921 composite?
True
Is 879287 prime?
True
Is 207048983 a prime number?
True
Is 5886385 a prime number?
False
Is 1211123 prime?
False
Is 38077187 a composite number?
True
Is 60043462 composite?
True
Is 86052971 a composite number?
False
Is 2941429 a prime number?
False
Is 16371319 composite?
False
Is 4893769 composite?
True
Is 8918909 prime?
True
Is 37495349 a prime number?
False
Is 5693707 a composite number?
False
Is 1597759 a composite number?
False
Is 960467 composite?
False
Is 293521103 composite?
True
Is 23624461 a prime number?
False
Is 124024709 a composite number?
False
Is 547559 a prime number?
True
Is 1007092123 prime?
True
Is 78712409 composite?
True
Is 26691251 a composite number?
True
Is 8248429 composite?
True
Is 7080487 a prime number?
True
Is 535445 a composite number?
True
Is 1001495051 composite?
False
Is 5796899 prime?
False
Is 64661 prime?
True
Is 17534827 a composite number?
False
Is 8291981 prime?
True
Is 7096883 prime?
False
Is 13793831 prime?
True
Is 55091579 composite?
False
Is 3368803 composite?
False
Is 1138196519 a composite number?
False
Is 4220039 a prime number?
True
Is 482785385 prime?
False
Is 13249315 a prime number?
False
Is 846563 composite?
False
Is 10804697 prime?
False
Is 248749 composite?
False
Is 1863293 a composite number?
True
Is 674797 composite?
True
Is 27035759 a composite number?
True
Is 4820849 a composite number?
True
Is 151934531 a composite number?
True
Is 87752285 a prime number?
False
Is 2437471 a composite number?
True
Is 331301 composite?
False
Is 134251757 composite?
True
Is 72727451 a composite number?
False
Is 1398643 prime?
False
Is 153974731 composite?
False
Is 27468079 composite?
False
Is 172615735 a composite number?
True
Is 641051 prime?
True
Is 69945881 a composite number?
False
Is 299467661 composite?
False
Is 45201479 a composite number?
False
Is 20419541 a prime number?
True
Is 2126021 prime?
False
Is 4943777 composite?
False
Is 26305031 a composite number?
True
Is 17120449 prime?
True
Is 122915437 a prime number?
True
Is 94781303 prime?
False
Is 2753549 prime?
True
Is 307438993 prime?
True
Is 11887429 composite?
False
Is 5978117 a prime number?
True
Is 36649853 prime?
True
Is 168178133 prime?
False
Is 2639389 a prime number?
True
Is 7323707 prime?
False
Is 2156207 prime?
True
Is 197587 a composite number?
True
Is 977747 prime?
True
Is 23560123 prime?
True
Is 359591 composite?
True
Is 2094569 composite?
False
Is 152301599 a prime number?
False
Is 3599737 a composite number?
False
Is 183855785 a composite number?
True
Is 10946843 prime?
True
Is 28805723 prime?
False
Is 23369663 prime?
True
Is 49138513 composite?
False
Is 61191121 prime?
True
Is 7284509 a composite number?
True
Is 1818613 a composite number?
True
Is 45559603 prime?
False
Is 2058187 a prime number?
False
Is 9359671 a prime number?
True
Is 415555499 a prime number?
True
Is 11180711 a composite number?
True
Is 7794637 a composite number?
True
Is 14089897 composite?
False
Is 40923461 prime?
True
Is 8149343 prime?
True
Is 6179647 composite?
False
Is 66381871 composite?
False
Is 31379779 composite?
True
Is 177712027 prime?
True
Is 51823271 a prime number?
True
Is 59972557 composite?
False
Is 90227 a prime number?
True
Is 1389467 a prime number?
False
Is 6850131 composite?
True
Is 23638123 composite?
False
Is 4712457991 prime?
True
Is 10164977 a prime number?
True
Is 889429 composite?
False
Is 19612069 prime?
True
Is 639134 a prime number?
False
Is 215168253 a prime number?
False
Is 66029 a composite number?
False
Is 908041 a prime number?
True
Is 138935599 a composite number?
True
Is 6348574 prime?
False
Is 32074409 a composite number?
True
Is 81324269 a prime number?
False
Is 5816557 prime?
False
Is 2441947 a composite number?
True
Is 241197919 a prime number?
False
Is 22937381 a composite number?
True
Is 93555989 a composite number?
False
Is 7600655 prime?
False
Is 57056711 a prime 